- 4*n, 4*n = s - 14. Let z = s - -4. Let i(w) = -10*w + 1. Let y(l) = 7*l - 1. Let d(g) = 5*i(g) + 7*y(g). Give d(z).
-4
Suppose 3*n + 9 = -0. Let h(z) = -z**2 - 4*z - 2. Give h(n).
1
Let q(c) = -6*c**3 - 7*c**2 - 13*c - 14. Let z(x) = -x**3 - x - 1. Let m(f) = -q(f) + 5*z(f). Give m(-6).
-3
Let m be 4 + -11 - (-1 + -1). Let c(w) = w**3 + 6*w**2 + 7*w + 4. Determine c(m).
-6
Let g = 51 + -48. Let j(h) be the first derivative of 3*h**2/2 - h + 1. Determine j(g).
8
Let i(v) = 0*v**3 - 2*v**2 + 0*v**2 - 2 + v**3 - 2*v**3. Give i(-3).
7
Let x(m) be the first derivative of m**4/4 - 10*m**3/3 - 11*m**2/2 - 52. Calculate x(11).
0
Let k(j) = -j**3 - j + 16. Let g(a) = -a - 6. Let p be g(-6). Calculate k(p).
16
Let y(b) = -1352*b**2 + 0*b + 2*b**3 - 3*b + 1355*b**2. What is y(2)?
22
Let r = 59 - 53. Let v(p) = -p**3 + 7*p**2 - 6*p. Give v(r).
0
Suppose -x + 0*x - 3 = 0. Let t be -2 + (-2 - -1) - x. Let j(b) = -10*b**3 - 11 - 1 + 9*b**3 + 1. Give j(t).
-11
Let t = -1 - -5. Suppose -3*s - t = -5*s. Let q = 6 - s. Let v(g) = g**2 - 3*g. What is v(q)?
4
Let v(f) = -4*f + 7. Let w be -4 - 70/21 - 8/(-6). Let z(y) = -y**2 + 6*y + 8. Let q be z(7). Let r(h) = -h + 1. Let i(x) = q*v(x) + w*r(x). What is i(-4)?
-7
Let d(y) = -3*y**2 - y. Let v be ((-2)/3)/(2/(-3)). Let z be d(v). Let g(t) = t**3 + 3*t**2 - 3*t + 5. Calculate g(z).
1
Let t be (8/(-3))/((-3)/9). Let b(x) = -x**2 + 8*x + 6. Let w be b(t). Let v be (-5 + w)/(1/(-5)). Let m(u) = -u**3 - 6*u**2 - 5*u. Determine m(v).
0
Let m(z) be the third derivative of z**2 + 1/120*z**6 - 1/12*z**5 + 7/6*z**3 + 0*z + 1/24*z**4 + 0. Calculate m(5).
12
Let a(o) = o + 3. Let t be a(0). Let l(g) = 3*g**2 - 6*g - 4*g**2 + 11*g + 3*g**2 - t - g**3. Determine l(3).
3
Let l(h) = -2 + 4*h**2 - 2 + 4 - 1. Let p = 3 + -2. Give l(p).
3
Let g(x) = x - 9. Let k be 9 + -1 + 3 + -4. Calculate g(k).
-2
Let a = -5 + 2. Let q(b) = -3*b**2 - 1 - b**2 + 5*b**2 + 4 + 4*b. Calculate q(a).
0
Let k(n) be the third derivative of 0*n + 5/24*n**4 + 0 + 4*n**2 + 0*n**3 + 1/60*n**5. Let u = 2 + -6. Determine k(u).
-4
Suppose -3*t = 4*m - 10, 3*m - 10 = t + m. Let u(f) = 4*f**3 + 2*f**2 - 2*f - 3. Give u(t).
-23
Let c(d) = -5*d**2 - d + 1766 - 1766 - d**3. Let s(j) = -j**2 - 5*j + 8. Let m be s(-6). Suppose -m - 3 = f. What is c(f)?
5
Let q(z) = 11*z - 6. Let k(c) = -4*c + 2. Let o(x) = 8*k(x) + 3*q(x). Let g be (-49)/(-14) + (-1)/(-2). Suppose w - g = -w. Determine o(w).
0
Let d(j) = -6*j**2 - 10*j - 6. Let s(f) = f**3 + f**2 - f + 1. Let t(v) = d(v) - s(v). Suppose -2*c + 22 = -3*m, -4*m + 2*m = 4*c + 4. What is t(m)?
11
Let k(p) be the third derivative of -p**5/60 - p**4/24 - 7*p**2. Determine k(1).
-2
Suppose 3*x - 8 = -x. Let a(i) be the third derivative of i**5/60 - i**3/6 + i**2. Determine a(x).
3
Let b(v) = v**3 - 4*v**2 + v + 1. Let k be b(3). Let w(u) = -2*u - 1. Let r(h) = 2*h + 2. Let j(o) = -4*r(o) - 3*w(o). What is j(k)?
5
Let f(i) = -i - 3. Let x be f(-7). Suppose x*r - r = 0. Let o(l) be the first derivative of -l**2/2 + 6*l - 1. What is o(r)?
6
Let w(f) be the third derivative of 1/6*f**3 - 1/4*f**4 - 1/360*f**6 + 1/24*f**5 + 0 - 2*f**2 + 0*f. Let r(o) be the first derivative of w(o). Calculate r(4).
-2
Let r(u) be the third derivative of -u**6/120 + u**5/15 + u**4/4 + 2*u**3/3 - 4*u**2. Calculate r(5).
9
Let x(i) = i**2 - 6*i + 4. Let s(c) = c**2 - 13*c + 5. Let y be s(13). Calculate x(y).
-1
Let z(i) = i**2 + 5*i - 5. Let y(l) = -l**2 - 5*l - 2. Suppose 0 = 2*s + 8, 7*s - 3*s = 2*b - 10. Let t be y(b). Let h be 0 - (t - (-3 + 3)). What is z(h)?
-9
Let a(l) = l**3 + 5*l**2 - l - 6. Let c = 15 - 20. Give a(c).
-1
Let k be 2*(1 - 10/4). Let g(y) = y**2 + 3*y + 2. Determine g(k).
2
Let k(j) be the third derivative of -j**9/60480 + j**8/4032 - j**7/840 + j**6/144 - j**5/60 + 3*j**2. Let q(s) be the third derivative of k(s). Give q(4).
-3
Let x(i) = -i**3 - 1. Let q(z) = -6*z + 2*z**2 + 4 + 6*z**2 - z**3 - 2*z**2. Let w be q(5). Let f be -2 - (-4 - w - -2). Calculate x(f).
0
Let f(t) = t**2 - 4*t + 3. Let a(y) = y + 1. Let o be a(3). Suppose -3*r + o = -2. What is f(r)?
-1
Let m(v) = 9*v + 1. Let o(d) = -d + 1. Let t(r) = -2*m(r) + 2*o(r). Determine t(1).
-20
Let f = -5 - -3. Let i(m) be the second derivative of m**3 + m**2/2 - 5*m. What is i(f)?
-11
Suppose -3*j + 12 = -j. Suppose -j*b + 3*b - 12 = 0. Let w(d) = 2*d + 6. Determine w(b).
-2
Suppose -4*j - 4 = -4*f, -5*j - 6*f + 35 = -3*f. Let v be ((-1)/(-2))/((-3)/(-42)). Let b(w) = -v + 5*w - 2*w + 1. What is b(j)?
6
Let u(g) = g + 5. Let r = -4 + 9. Suppose 0 = p + 3*p - 8. Suppose p*b + 2*i - r = b, -30 = 3*b - 3*i. Determine u(b).
0
Suppose 3*i = -2*i - 20. Let n(q) be the second derivative of -q**5/20 - q**4/3 - q**2 + 5*q - 3. What is n(i)?
-2
Suppose -3*m + 3 = -2*m. Let o(x) = x**2 - 6*x. What is o(m)?
-9
Let u(b) = b**2 + 8*b - 9. Let i(r) = -r**2 - 7*r + 8. Let j(l) = -4*i(l) - 3*u(l). Suppose 20 = -8*k + 3*k. What is j(k)?
-5
Let i(m) be the first derivative of -m**2/2 - 8*m - 3. Determine i(6).
-14
Let x(p) = -p - 4. Suppose q - 6 = -a, -5*q + 6 = -2*a + a. Let w be (-1)/((12/(-39))/a). Suppose -3*d + v + 4 + 0 = 0, 4*d - 5*v = -w. What is x(d)?
-7
Let d(z) be the third derivative of z**6/120 + 7*z**5/60 + 3*z**4/8 + z**3 - 6*z**2. Give d(-6).
-12
Let d(c) = -2*c**2 - c - 1. Suppose -2*z - i = -16, i - 6 = z - 2*i. Let m be ((-6)/(-9))/((-4)/z). What is d(m)?
-2
Let y(j) = 1 - j + j**2 + 0 - 5*j + 7. Let r(n) = -n**2 + 8*n + 6. Let m be r(8). Give y(m).
8
Let i(s) = s - 1. Let z(d) = -3*d - 5. Let b be z(-6). Let y = 17 - b. Give i(y).
3
Let y(l) be the second derivative of l**4/12 - 5*l**3/6 + 3*l**2 + 37*l. Give y(4).
2
Suppose 4*j = 3*j + 4. Suppose 2*r + 2*r - 12 = -g, -24 = 3*g - 3*r. Let i = g + j. Let w(p) = p**3 - p**2 + 6. What is w(i)?
6
Let r(x) = 2*x - 32. Let j(l) = l - 16. Let y(n) = 7*j(n) - 4*r(n). What is y(7)?
9
Let n(r) = -3*r**3 + r. Let b = 11 + -12. Calculate n(b).
2
Let o = 6 + -4. Let v(a) = 2*a**2 + o*a**2 + 4 - a**3 + a**2. Suppose -n = -4 - 1. What is v(n)?
4
Suppose -23 = 8*d + 9. Let y(q) = -2*q - 6. Give y(d).
2
Let o be (-2)/4*-10*8/(-20). Let b(z) = 4*z**3 + z**2 + 2*z + 1. Let q(s) = -11*s**3 - 3*s**2 - 6*s - 3. Let i(w) = -8*b(w) - 3*q(w). Give i(o).
-7
Let o be 28/(-6)*18/(-21). Let c(v) = v**2 - 3*v - 3. What is c(o)?
1
Suppose -i + 3*c + 22 = 0, i + 4*c + 6 = -i. Let x(h) = -1 + i*h - 7*h + h. Calculate x(0).
-1
Suppose 2*v = 5 + 1. Suppose 0*h + 12 = v*h. Let i(n) = -5*n**3 + 3 + 4*n**3 + h*n**2 - 5. Calculate i(3).
7
Let b be -2 + -3 + (1 - -1). Let g(f) = -5*f**3 + f**2 + 4*f - 2. Let y(x) = 6*x**3 - 2*x**2 - 5*x + 3. Let z(m) = -5*g(m) - 4*y(m). Give z(b).
-2
Let r = 6 - 4. Suppose 2*t - 3 = -r*w + t, 5*t + 30 = 5*w. Let z(f) = w*f**2 - 4 - f**2 + 2*f - 3*f**2. Determine z(3).
-7
Let j be (-224)/48*6/(-7). Suppose 2*y - o = -3*y, 0 = j*o. Let l(q) = 0*q - q - 3 + 0. What is l(y)?
-3
Suppose 0*w - 4*w = 0. Let c(p) = -4*p - 7*p**2 + w*p + 5*p + 3*p**2. Let s = 2 + -3. Calculate c(s).
-5
Let t(s) = s**2 + 8*s + 3. Suppose 2*p = -0*p + 8, -5*q - 2*p = -38. Let r(v) = v**2 - 5*v - 11. Let o be r(q). What is t(o)?
-12
Let u(w) = -w**3 + 2*w - 3. Suppose -21 = 5*n - 6, 4*m + n - 5 = 0. Give u(m).
-7
Let k(v) = 7*v + v**2 - 4*v + 2 + 0. What is k(-2)?
0
Let l(x) = -x**3 + 6*x**2 - x + 1. Suppose 5 = 2*g - 7*g. Let j = g + 7. Give l(j).
-5
Suppose 19 = 3*b - 4*g - 33, 4*b + 5*g - 28 = 0. Let y(s) = s**2 - 14*s - 29. Let i be y(16). Suppose -r + b = i*r. Let c(f) = f**2 - 2*f - 3. Determine c(r).
0
Let w(h) be the second derivative of -h**5/20 + 5*h**4/12 - h**3/6 + 3*h**2 - 6*h. Suppose -2*i - 4*v + 2 = 0, 5 - 3 = -v. Determine w(i).
1
Let r(t) = -2*t + 2. Suppose s + 3*s - 68 = 0. Let b = s - -3. Suppose 8*l - 3*l - b = 0. Give r(l).
-6
Let c(d) be the third derivative of -d**4/24 - d**3/2 - 10*d**2. Calculate c(-7).
4
Let n(a) = 1 + 2*a + 2 + a. Let f = 1 - 1. Suppose f*l + 2 = -l. Calculate n(l).
-3
Let c(l) be the first derivative of l**7/840 + 7*l**6/360 + 7*l**5/120 - l**4/12 - 4*l**3/3 + 5. Let u(o) be the third derivative of c(o). Determine u(-5).
13
Let t(q) = q**2 + q**2 - q**3 + q - 5*q**2 - 1 + 0*q. Calculate t(-4).
11
Let b(w) = w**2 - w + 1. Let o be b(2). Let z(f) = 3*f - 4*f - o*f + 1 + 5*f. Suppose 2*i + 0 - 10 = 0.